8). Suppose 4*f = -r + 99, -2*r + 6*f = j*f - 183. What is the remainder when r is divided by 26?
9
Let c(q) be the third derivative of q**6/120 + 8*q**5/15 + 61*q**4/24 + 29*q**3/3 - 154*q**2. Calculate the remainder when 278 is divided by c(-30).
26
Let m = 3 - -11. Suppose 246 = 2*l - 2*z, -4*l + 66*z = 68*z - 498. Calculate the remainder when l is divided by m.
12
Let j = 41183 - 40734. What is the remainder when j is divided by 166?
117
Let x = 88 + -52. Let r = 291 - 287. Suppose -r*h + h = -x. What is the remainder when h is divided by 5?
2
Let r = -12637 + 12739. What is the remainder when r is divided by 36?
30
Let t be 32/4 - (0 + (2 - 4)). What is the remainder when 21 is divided by (t - 3)/(5/10)?
7
Suppose -r + 119 = 3*q + 2*q, -r = -2*q + 49. Suppose 6 = w - q. Let s = -4 + 15. Calculate the remainder when w is divided by s.
8
Suppose 2113 - 10255 = -5*c - z, 5*c - 5*z = 8160. What is the remainder when c is divided by 48?
45
Let t(l) = l**3 - 6*l**2 + 180*l - 1475. What is the remainder when 265 is divided by t(8)?
79
Let a be (24/(-21))/((-8)/28). Let g(w) = -w**2 + 7*w - 9. Let v be g(a). Suppose 2*x + 26 = v*x. What is the remainder when 75 is divided by x?
23
Let h be (4*-12)/4 + 1. Let y = h - -39. Suppose -3*t + 350 = 5*s, -12*s + 326 = 3*t - 13*s. Calculate the remainder when t is divided by y.
26
Suppose 2*s - 59 = -z - 14, -2*z = -4*s - 50. Suppose -z*x - 528 = -43*x. Calculate the remainder when x is divided by 52.
14
Let i = -33235 - -33512. What is the remainder when 908 is divided by i?
77
Suppose 2*v - 8540 - 1528 = -4*p, -4*v = -8. Calculate the remainder when p is divided by 316.
304
Let c(d) = -22*d - 58. Let z(h) = -5*h - 134. Let j be z(-26). What is the remainder when 118 is divided by c(j)?
28
Suppose 3*r - 188 - 33 = 4*y, -2*r = 4*y - 114. Suppose -b = 4*b - n - 31, 4*n - 2 = 2*b. Calculate the remainder when r is divided by b.
4
Let g(c) = c**3 + 8*c**2 + 4*c + 2. Let t(q) = -2*q**2 + 18*q + 26. Let w be t(10). What is the remainder when g(-7) is divided by (-72)/(-60)*40/w?
7
Suppose -2*o - 3675 = -5*b, -b + 54*o - 61*o + 698 = 0. What is the remainder when b is divided by 15?
13
Let m(t) = -6*t**3 - 24*t**2 - 2*t + 36. Calculate the remainder when -2 + 0 + 63*4 is divided by m(0).
34
Let p(b) = 2*b**2 - b - 11. Calculate the remainder when p(-11) is divided by 230.
12
Let a(k) = -k - 18. Let u be a(8). What is the remainder when 74 + (u/14 - 24/168) is divided by 37?
35
Let c(d) = 547*d**2 - 17*d + 18. Let n be c(1). Let o = -513 + n. What is the remainder when o is divided by 18?
17
Let o = 2 - -61. Suppose -c + 70 = -d, -2*c + 110 + 60 = 4*d. What is the remainder when c is divided by o?
12
Let k be -3 - 1*(-12 + 1). Let a be ((-168)/(-21))/(2/k). Suppose 20 + a = 2*m. Calculate the remainder when m is divided by 4.
2
Let b(w) = w**3 - 15*w**2 - 912 + 919 + 0*w + 5*w. Calculate the remainder when b(15) is divided by 7.
5
Suppose -5*o = 5*o - 30. Suppose o*y - 88 + 7 = 0. Calculate the remainder when 35 is divided by y.
8
Let v(t) = -6*t**3 - 26*t**2 - 28*t - 1. Calculate the remainder when 482 is divided by v(-5).
4
Suppose -14 = 3*c - 47. What is the remainder when (913/(-22) - -40)/((0 - 4)/136) is divided by c?
7
Let h(d) = -3*d - 28. Let v be h(-12). Suppose -s + v = 3. Suppose r - s*o + 0 = 6, -4*o = 0. Calculate the remainder when r is divided by 4.
2
Let b(w) be the third derivative of 17*w**4/24 - 337*w**3/6 - 4*w**2 - 7. Calculate the remainder when b(32) is divided by 19.
17
Let m = -563 - -184. Let t = m + 425. What is the remainder when 126 is divided by t?
34
Suppose -857 = 3*t - 5*t - u, 2*u = 9*t - 3824. Calculate the remainder when t is divided by 83.
11
Let g be (-696)/14 + (-12)/42. Let m(o) = o**3 + 20*o**2 + 52*o + 23. Let s be m(-17). Calculate the remainder when (g/8)/(s/(-48)) is divided by 26.
24
Let d = 596 - 597. What is the remainder when 58 is divided by d + 39 + (-28)/(-7)?
16
Let n(x) = -7*x**2 + 9*x - 1. Let g be n(8). Let u = g + 457. Calculate the remainder when u is divided by 14.
10
Suppose 319 = 2*y + 5*v - 96, 5 = -5*v. Suppose 2*b + 3*j = 101, 2*b = -3*b + j + y. Calculate the remainder when b is divided by 22.
21
Suppose -295 - 1700 = -7*y. Suppose -5*v = -2*p - y, 0*v - p = -4*v + 225. Suppose -v*c + 47*c + 80 = 0. What is the remainder when 38 is divided by c?
8
Let o = 16 + 0. Let g(y) = 30*y - 4. Let a be g(1). Suppose 5*b - a + 1 = 0. Calculate the remainder when o is divided by b.
1
Let s(q) = -q**3 - 25*q**2 + 111*q + 112. What is the remainder when 780 is divided by s(-29)?
9
Let n(d) = 198*d + 506. Calculate the remainder when 357 is divided by n(-2).
27
Suppose 418*v - 417*v = k + 11 + 19, 4*k = 0. What is the remainder when 927 is divided by v?
27
Let s = 3418 - 3372. Calculate the remainder when s is divided by 37.
9
Let m = -14 + 27. Suppose -8*x + 3*x + 270 = -5*h, -x - 2*h = -42. Calculate the remainder when x is divided by m.
11
Let d(t) = t**3 - 15*t**2 + 26*t + 14. Calculate the remainder when ((-18)/27)/(1/(-165)) is divided by d(13).
12
Suppose -27*r + 10547 = -3220 - 25383. Calculate the remainder when r is divided by 216.
154
Suppose 202 = 6*v + 574. Let u = 91 + v. What is the remainder when u is divided by 17?
12
Calculate the remainder when 4 + 81 + 6 + 2 is divided by 14/(-7)*19/(-2).
17
What is the remainder when 159 is divided by 3744/44 + (-6)/396*6?
74
Suppose 3*v - 238 + 82 = 0. Let b(d) = -4*d**2 - 898*d - 9245. What is the remainder when b(-11) is divided by v?
45
Suppose -2*b + 68 = 2*r, -4*r - 15 = -3. Let y = -714 - -1042. Calculate the remainder when y is divided by b.
32
Let v be (-63)/35*(-225)/27. Suppose -390*p + 385*p + v = 0. Calculate the remainder when 58 is divided by p.
1
Let o(g) = g**2 + 6*g + 13. Let k be (46 - 65) + (-4)/(-2). Calculate the remainder when o(k) is divided by 54.
38
Let c be (5 - -12) + -6 + -6. Suppose 2*v - c*q = 4*v - 46, 120 = 4*v - 4*q. What is the remainder when 97 is divided by v?
13
Suppose -i - 4 = -2*a, -5*i + 6 = 5*a - 4. Suppose -n - 3 = -a*n. Suppose -28*r = -2*r - 572. What is the remainder when r is divided by n?
1
Let s(a) = -19*a - 281. What is the remainder when s(-30) is divided by 210?
79
Suppose -1491 - 525 = -21*v. Let z(q) = 2*q + 5*q**2 + 8*q - 3 - 9*q + 3*q. What is the remainder when v is divided by z(2)?
21
Calculate the remainder when 155 is divided by -2*(-11)/77*7.
1
Let f(t) = 3*t**3 - 58*t**2 - 39*t + 36. What is the remainder when f(20) is divided by 1 + -3*(-34)/3?
21
Let v(p) = -99*p - 38. Let c be v(-1). Suppose 5*o = -11*n + 8*n + c, -3*o + 5*n = -57. Suppose 2*z - 92 = -2*z. What is the remainder when z is divided by o?
9
Suppose 0 = v - l + 4*l + 10, 5*v = -3*l + 10. Let j(i) = -7. Let z(u) = u + 1. Let h(y) = j(y) + 4*z(y). What is the remainder when h(4) is divided by v?
3
Let f = 1 + -13. Let n be 4 - (-4)/f*6. Suppose 64 = n*s + 4*r, 5*s - 25 - 187 = 3*r. Calculate the remainder when s is divided by 15.
10
Suppose 626*x + 62 = 630*x - 2*g, -63 = -3*x - 4*g. What is the remainder when 160 is divided by x?
7
Let s(q) = 6*q**3 - 209*q**2 - 15*q - 658. Suppose r - 8 = 3. What is the remainder when s(35) is divided by r?
9
Suppose 19 = 3*p - y, 10 = 4*y + 2. What is the remainder when 157 is divided by (-16 + (p - -1))*(-4 + -1)?
37
Let d be 3*(-7)/(-6)*(-80)/28. What is the remainder when ((-24)/5 + -10)*d/4 is divided by 4?
1
Suppose l = -5, h - 154 = -2*h + 2*l. Suppose 14*m = 9*m + 2*g - 18, -4*g = -m. What is the remainder when h is divided by (-81)/(-6) + 2/m?
9
Let d be 2/9 + (-51068)/(-153). Suppose 10*v - 196 - d = 0. What is the remainder when v is divided by 11?
9
Suppose 232*z = 73052 - 52376 + 180468. What is the remainder when z is divided by 183?
135
Let b be (5 + -8)/((-2)/86). Let k = b - 74. Suppose -3*t + 37 = -47. What is the remainder when k is divided by t?
27
Suppose -3*g + 13332 = 2*a, 1 = -4*g - 7. Calculate the remainder when a is divided by 24.
21
Let x(j) be the first derivative of j**3/3 + j**2 - 44*j + 10. What is the remainder when 178 is divided by x(6)?
2
Let g(s) = 15 + 22 - 8*s + 21 + 4*s - 20. Suppose -85 = -6*m + m. Calculate the remainder when g(-7) is divided by m.
15
Let q = -12653 + 12664. Calculate the remainder whe